{"id":38,"date":"2011-04-15T15:15:50","date_gmt":"2011-04-15T13:15:50","guid":{"rendered":"http:\/\/www.die-kloetze.com\/?page_id=38"},"modified":"2011-05-12T17:18:56","modified_gmt":"2011-05-12T15:18:56","slug":"nachruf-wampo","status":"publish","type":"page","link":"http:\/\/www.die-kloetze.de\/?page_id=38","title":{"rendered":"Nachruf-&#8222;Wampo&#8220;"},"content":{"rendered":"<p style=\"text-align: center;\"><span style=\"font-size: 300%;\"><strong>10.07.1961 &#8211; 17.08.2006<br \/>\n<\/strong><\/span><\/p>\n<p>&nbsp;<\/p>\n<p style=\"text-align: center;\"><a href=\"http:\/\/www.die-kloetze.com\/wp-content\/uploads\/2011\/04\/wampo11.jpg\"><img loading=\"lazy\" class=\"alignnone size-full wp-image-89\" title=\"wampo\" src=\"http:\/\/www.die-kloetze.com\/wp-content\/uploads\/2011\/04\/wampo11.jpg\" alt=\"\" width=\"204\" height=\"293\" \/><\/a><a href=\"http:\/\/www.die-kloetze.com\/wp-content\/uploads\/2011\/04\/wampo2.jpg\"><img loading=\"lazy\" class=\"alignnone size-full wp-image-88\" title=\"wampo\" src=\"http:\/\/www.die-kloetze.com\/wp-content\/uploads\/2011\/04\/wampo2.jpg\" alt=\"\" width=\"196\" height=\"283\" \/><\/a><\/p>\n<p style=\"text-align: center;\"><strong>Nur die Besten sterben jung!<\/strong><\/p>\n<p style=\"text-align: center;\"><strong> Am Donnerstag den 17.08.2006 verstarb f\u00fcr uns v\u00f6llig unfassbar unser Freund<\/strong><br \/>\n<strong> Wolfgang Buschkamp<\/strong><\/p>\n<p style=\"text-align: center;\"><span style=\"text-decoration: underline;\"><strong> Wampo!!!<\/strong><\/span><\/p>\n<p style=\"text-align: center;\"><strong> Unter diesen Spitznamen kannten ihn alle.<\/strong><br \/>\n<strong> Ein Mensch, der lebenslustig und offen durch das Leben schritt.<\/strong><br \/>\n<strong> Leider wurde er viel zu fr\u00fch aus dem Leben gerissen und hinterl\u00e4sst tiefe Wunden bei denen,<\/strong><br \/>\n<strong> die ihn liebten und kannten. Er war ein Kind der Eisenbahnsiedlung.<\/strong><br \/>\n<strong> Unterst\u00fctzte mit au\u00dferordentlicher Leidenschaft den Fu\u00dfballverein ESV Hohenbudberg.<\/strong><br \/>\n<strong> Im Hofballett sowie im Kegelclub \u201c1001 Pudel\u201d war er mit seiner Energie nicht wegzudenken.<\/strong><br \/>\n<strong> Wir m\u00f6chten mit dieser Seite die Erinnerung an einem Menschen am Leben halten,<br \/>\nder uns allen sehr fehlen wird&#8230;<\/strong><\/p>\n<p style=\"text-align: center;\"><strong><a href=\"http:\/\/www.die-kloetze.com\/wp-content\/uploads\/2011\/04\/wampo3.jpg\"><img loading=\"lazy\" class=\"alignnone size-medium wp-image-90\" title=\"wampo\" src=\"http:\/\/www.die-kloetze.com\/wp-content\/uploads\/2011\/04\/wampo3-300x197.jpg\" alt=\"\" width=\"300\" height=\"197\" srcset=\"http:\/\/www.die-kloetze.de\/wp-content\/uploads\/2011\/04\/wampo3-300x197.jpg 300w, http:\/\/www.die-kloetze.de\/wp-content\/uploads\/2011\/04\/wampo3.jpg 323w\" sizes=\"(max-width: 300px) 100vw, 300px\" \/><\/a><a href=\"http:\/\/www.die-kloetze.com\/wp-content\/uploads\/2011\/04\/wampo4a.jpg\"><img loading=\"lazy\" class=\"alignnone size-medium wp-image-91\" title=\"wampo\" src=\"http:\/\/www.die-kloetze.com\/wp-content\/uploads\/2011\/04\/wampo4a-184x300.jpg\" alt=\"\" width=\"184\" height=\"300\" srcset=\"http:\/\/www.die-kloetze.de\/wp-content\/uploads\/2011\/04\/wampo4a-184x300.jpg 184w, http:\/\/www.die-kloetze.de\/wp-content\/uploads\/2011\/04\/wampo4a.jpg 254w\" sizes=\"(max-width: 184px) 100vw, 184px\" \/><\/a><\/strong><\/p>\n<p style=\"text-align: center;\"><strong><a href=\"http:\/\/www.die-kloetze.com\/wp-content\/uploads\/2011\/04\/wampo5a.jpg\"><img loading=\"lazy\" class=\"alignnone size-medium wp-image-92\" title=\"wampo5\" src=\"http:\/\/www.die-kloetze.com\/wp-content\/uploads\/2011\/04\/wampo5a-300x226.jpg\" alt=\"\" width=\"300\" height=\"226\" srcset=\"http:\/\/www.die-kloetze.de\/wp-content\/uploads\/2011\/04\/wampo5a-300x226.jpg 300w, http:\/\/www.die-kloetze.de\/wp-content\/uploads\/2011\/04\/wampo5a.jpg 368w\" sizes=\"(max-width: 300px) 100vw, 300px\" \/><\/a><a href=\"http:\/\/www.die-kloetze.com\/wp-content\/uploads\/2011\/04\/wampo6.jpg\"><img loading=\"lazy\" class=\"alignnone size-medium wp-image-93\" title=\"wampo\" src=\"http:\/\/www.die-kloetze.com\/wp-content\/uploads\/2011\/04\/wampo6-300x194.jpg\" alt=\"\" width=\"300\" height=\"194\" srcset=\"http:\/\/www.die-kloetze.de\/wp-content\/uploads\/2011\/04\/wampo6-300x194.jpg 300w, http:\/\/www.die-kloetze.de\/wp-content\/uploads\/2011\/04\/wampo6.jpg 338w\" sizes=\"(max-width: 300px) 100vw, 300px\" \/><\/a><\/strong><\/p>\n<p style=\"text-align: center;\"><strong><a href=\"http:\/\/www.die-kloetze.com\/wp-content\/uploads\/2011\/04\/wampo7.jpg\"><img loading=\"lazy\" class=\"alignnone size-medium wp-image-94\" title=\"wampo\" src=\"http:\/\/www.die-kloetze.com\/wp-content\/uploads\/2011\/04\/wampo7-300x197.jpg\" alt=\"\" width=\"300\" height=\"197\" srcset=\"http:\/\/www.die-kloetze.de\/wp-content\/uploads\/2011\/04\/wampo7-300x197.jpg 300w, http:\/\/www.die-kloetze.de\/wp-content\/uploads\/2011\/04\/wampo7.jpg 383w\" sizes=\"(max-width: 300px) 100vw, 300px\" \/><\/a><a href=\"http:\/\/www.die-kloetze.com\/wp-content\/uploads\/2011\/04\/wampo8.jpg\"><img loading=\"lazy\" class=\"alignnone size-medium wp-image-95\" title=\"wampo\" src=\"http:\/\/www.die-kloetze.com\/wp-content\/uploads\/2011\/04\/wampo8-300x196.jpg\" alt=\"\" width=\"300\" height=\"196\" srcset=\"http:\/\/www.die-kloetze.de\/wp-content\/uploads\/2011\/04\/wampo8-300x196.jpg 300w, http:\/\/www.die-kloetze.de\/wp-content\/uploads\/2011\/04\/wampo8.jpg 323w\" sizes=\"(max-width: 300px) 100vw, 300px\" \/><\/a><\/strong><\/p>\n<p style=\"text-align: center;\"><strong><a href=\"http:\/\/www.die-kloetze.com\/wp-content\/uploads\/2011\/04\/wampo9.jpg\"><img loading=\"lazy\" class=\"alignnone size-medium wp-image-96\" title=\"wampo\" src=\"http:\/\/www.die-kloetze.com\/wp-content\/uploads\/2011\/04\/wampo9-300x205.jpg\" alt=\"\" width=\"300\" height=\"205\" srcset=\"http:\/\/www.die-kloetze.de\/wp-content\/uploads\/2011\/04\/wampo9-300x205.jpg 300w, http:\/\/www.die-kloetze.de\/wp-content\/uploads\/2011\/04\/wampo9.jpg 340w\" sizes=\"(max-width: 300px) 100vw, 300px\" \/><\/a><a href=\"http:\/\/www.die-kloetze.com\/wp-content\/uploads\/2011\/04\/wampo10.jpg\"><img loading=\"lazy\" class=\"alignnone size-medium wp-image-97\" title=\"wampo\" src=\"http:\/\/www.die-kloetze.com\/wp-content\/uploads\/2011\/04\/wampo10-207x300.jpg\" alt=\"\" width=\"207\" height=\"300\" srcset=\"http:\/\/www.die-kloetze.de\/wp-content\/uploads\/2011\/04\/wampo10-207x300.jpg 207w, http:\/\/www.die-kloetze.de\/wp-content\/uploads\/2011\/04\/wampo10.jpg 292w\" sizes=\"(max-width: 207px) 100vw, 207px\" \/><\/a><\/strong><\/p>\n<p style=\"text-align: center;\"><strong><a href=\"http:\/\/www.die-kloetze.com\/wp-content\/uploads\/2011\/04\/wampo111.jpg\"><img loading=\"lazy\" class=\"alignnone size-medium wp-image-98\" title=\"wampo\" src=\"http:\/\/www.die-kloetze.com\/wp-content\/uploads\/2011\/04\/wampo111-210x300.jpg\" alt=\"\" width=\"210\" height=\"300\" srcset=\"http:\/\/www.die-kloetze.de\/wp-content\/uploads\/2011\/04\/wampo111-210x300.jpg 210w, http:\/\/www.die-kloetze.de\/wp-content\/uploads\/2011\/04\/wampo111.jpg 307w\" sizes=\"(max-width: 210px) 100vw, 210px\" \/><\/a><a href=\"http:\/\/www.die-kloetze.com\/wp-content\/uploads\/2011\/04\/wampo12.jpg\"><img loading=\"lazy\" class=\"alignnone size-full wp-image-99\" title=\"wampo\" src=\"http:\/\/www.die-kloetze.com\/wp-content\/uploads\/2011\/04\/wampo12.jpg\" alt=\"\" width=\"280\" height=\"210\" \/><\/a><\/strong><\/p>\n<p style=\"text-align: center;\"><strong><br \/>\n<\/strong><\/p>\n<p style=\"text-align: center;\"><strong>Die Erinnerung an dich, wird in uns weiter Leben.<\/strong><br \/>\n<strong> Alles Gute auf deiner Reise, getreu deinem Motto \u201cSchei\u00df egal\u201d !<\/strong><\/p>\n","protected":false},"excerpt":{"rendered":"<p>10.07.1961 &#8211; 17.08.2006 &nbsp; Nur die Besten sterben jung! Am Donnerstag den 17.08.2006 verstarb f\u00fcr uns v\u00f6llig unfassbar unser Freund Wolfgang Buschkamp Wampo!!! Unter diesen Spitznamen kannten ihn alle. Ein Mensch, der lebenslustig und offen durch das Leben schritt. Leider wurde er viel zu fr\u00fch aus dem Leben gerissen und hinterl\u00e4sst tiefe Wunden bei denen, [&hellip;]<\/p>\n","protected":false},"author":1,"featured_media":0,"parent":0,"menu_order":7,"comment_status":"closed","ping_status":"closed","template":"","meta":{"ngg_post_thumbnail":0},"_links":{"self":[{"href":"http:\/\/www.die-kloetze.de\/index.php?rest_route=\/wp\/v2\/pages\/38"}],"collection":[{"href":"http:\/\/www.die-kloetze.de\/index.php?rest_route=\/wp\/v2\/pages"}],"about":[{"href":"http:\/\/www.die-kloetze.de\/index.php?rest_route=\/wp\/v2\/types\/page"}],"author":[{"embeddable":true,"href":"http:\/\/www.die-kloetze.de\/index.php?rest_route=\/wp\/v2\/users\/1"}],"replies":[{"embeddable":true,"href":"http:\/\/www.die-kloetze.de\/index.php?rest_route=%2Fwp%2Fv2%2Fcomments&post=38"}],"version-history":[{"count":5,"href":"http:\/\/www.die-kloetze.de\/index.php?rest_route=\/wp\/v2\/pages\/38\/revisions"}],"predecessor-version":[{"id":146,"href":"http:\/\/www.die-kloetze.de\/index.php?rest_route=\/wp\/v2\/pages\/38\/revisions\/146"}],"wp:attachment":[{"href":"http:\/\/www.die-kloetze.de\/index.php?rest_route=%2Fwp%2Fv2%2Fmedia&parent=38"}],"curies":[{"name":"wp","href":"https:\/\/api.w.org\/{rel}","templated":true}]}}

<p style="text-align: center;"><span style="font-size: 300%;"><strong>10.07.1961 &#8211; 17.08.2006<br />
</strong></span></p>
<p>&nbsp;</p>
<p style="text-align: center;"><a href="http://www.die-kloetze.com/wp-content/uploads/2011/04/wampo11.jpg"><img loading="lazy" class="alignnone size-full wp-image-89" title="wampo" src="http://www.die-kloetze.com/wp-content/uploads/2011/04/wampo11.jpg" alt="" width="204" height="293" /></a><a href="http://www.die-kloetze.com/wp-content/uploads/2011/04/wampo2.jpg"><img loading="lazy" class="alignnone size-full wp-image-88" title="wampo" src="http://www.die-kloetze.com/wp-content/uploads/2011/04/wampo2.jpg" alt="" width="196" height="283" /></a></p>
<p style="text-align: center;"><strong>Nur die Besten sterben jung!</strong></p>
<p style="text-align: center;"><strong> Am Donnerstag den 17.08.2006 verstarb für uns völlig unfassbar unser Freund</strong><br />
<strong> Wolfgang Buschkamp</strong></p>
<p style="text-align: center;"><span style="text-decoration: underline;"><strong> Wampo!!!</strong></span></p>
<p style="text-align: center;"><strong> Unter diesen Spitznamen kannten ihn alle.</strong><br />
<strong> Ein Mensch, der lebenslustig und offen durch das Leben schritt.</strong><br />
<strong> Leider wurde er viel zu früh aus dem Leben gerissen und hinterlässt tiefe Wunden bei denen,</strong><br />
<strong> die ihn liebten und kannten. Er war ein Kind der Eisenbahnsiedlung.</strong><br />
<strong> Unterstützte mit außerordentlicher Leidenschaft den Fußballverein ESV Hohenbudberg.</strong><br />
<strong> Im Hofballett sowie im Kegelclub “1001 Pudel” war er mit seiner Energie nicht wegzudenken.</strong><br />
<strong> Wir möchten mit dieser Seite die Erinnerung an einem Menschen am Leben halten,<br />
der uns allen sehr fehlen wird&#8230;</strong></p>
<p style="text-align: center;"><strong><a href="http://www.die-kloetze.com/wp-content/uploads/2011/04/wampo3.jpg"><img loading="lazy" class="alignnone size-medium wp-image-90" title="wampo" src="http://www.die-kloetze.com/wp-content/uploads/2011/04/wampo3-300x197.jpg" alt="" width="300" height="197" srcset="http://www.die-kloetze.de/wp-content/uploads/2011/04/wampo3-300x197.jpg 300w, http://www.die-kloetze.de/wp-content/uploads/2011/04/wampo3.jpg 323w" sizes="(max-width: 300px) 100vw, 300px" /></a><a href="http://www.die-kloetze.com/wp-content/uploads/2011/04/wampo4a.jpg"><img loading="lazy" class="alignnone size-medium wp-image-91" title="wampo" src="http://www.die-kloetze.com/wp-content/uploads/2011/04/wampo4a-184x300.jpg" alt="" width="184" height="300" srcset="http://www.die-kloetze.de/wp-content/uploads/2011/04/wampo4a-184x300.jpg 184w, http://www.die-kloetze.de/wp-content/uploads/2011/04/wampo4a.jpg 254w" sizes="(max-width: 184px) 100vw, 184px" /></a></strong></p>
<p style="text-align: center;"><strong><a href="http://www.die-kloetze.com/wp-content/uploads/2011/04/wampo5a.jpg"><img loading="lazy" class="alignnone size-medium wp-image-92" title="wampo5" src="http://www.die-kloetze.com/wp-content/uploads/2011/04/wampo5a-300x226.jpg" alt="" width="300" height="226" srcset="http://www.die-kloetze.de/wp-content/uploads/2011/04/wampo5a-300x226.jpg 300w, http://www.die-kloetze.de/wp-content/uploads/2011/04/wampo5a.jpg 368w" sizes="(max-width: 300px) 100vw, 300px" /></a><a href="http://www.die-kloetze.com/wp-content/uploads/2011/04/wampo6.jpg"><img loading="lazy" class="alignnone size-medium wp-image-93" title="wampo" src="http://www.die-kloetze.com/wp-content/uploads/2011/04/wampo6-300x194.jpg" alt="" width="300" height="194" srcset="http://www.die-kloetze.de/wp-content/uploads/2011/04/wampo6-300x194.jpg 300w, http://www.die-kloetze.de/wp-content/uploads/2011/04/wampo6.jpg 338w" sizes="(max-width: 300px) 100vw, 300px" /></a></strong></p>
<p style="text-align: center;"><strong><a href="http://www.die-kloetze.com/wp-content/uploads/2011/04/wampo7.jpg"><img loading="lazy" class="alignnone size-medium wp-image-94" title="wampo" src="http://www.die-kloetze.com/wp-content/uploads/2011/04/wampo7-300x197.jpg" alt="" width="300" height="197" srcset="http://www.die-kloetze.de/wp-content/uploads/2011/04/wampo7-300x197.jpg 300w, http://www.die-kloetze.de/wp-content/uploads/2011/04/wampo7.jpg 383w" sizes="(max-width: 300px) 100vw, 300px" /></a><a href="http://www.die-kloetze.com/wp-content/uploads/2011/04/wampo8.jpg"><img loading="lazy" class="alignnone size-medium wp-image-95" title="wampo" src="http://www.die-kloetze.com/wp-content/uploads/2011/04/wampo8-300x196.jpg" alt="" width="300" height="196" srcset="http://www.die-kloetze.de/wp-content/uploads/2011/04/wampo8-300x196.jpg 300w, http://www.die-kloetze.de/wp-content/uploads/2011/04/wampo8.jpg 323w" sizes="(max-width: 300px) 100vw, 300px" /></a></strong></p>
<p style="text-align: center;"><strong><a href="http://www.die-kloetze.com/wp-content/uploads/2011/04/wampo9.jpg"><img loading="lazy" class="alignnone size-medium wp-image-96" title="wampo" src="http://www.die-kloetze.com/wp-content/uploads/2011/04/wampo9-300x205.jpg" alt="" width="300" height="205" srcset="http://www.die-kloetze.de/wp-content/uploads/2011/04/wampo9-300x205.jpg 300w, http://www.die-kloetze.de/wp-content/uploads/2011/04/wampo9.jpg 340w" sizes="(max-width: 300px) 100vw, 300px" /></a><a href="http://www.die-kloetze.com/wp-content/uploads/2011/04/wampo10.jpg"><img loading="lazy" class="alignnone size-medium wp-image-97" title="wampo" src="http://www.die-kloetze.com/wp-content/uploads/2011/04/wampo10-207x300.jpg" alt="" width="207" height="300" srcset="http://www.die-kloetze.de/wp-content/uploads/2011/04/wampo10-207x300.jpg 207w, http://www.die-kloetze.de/wp-content/uploads/2011/04/wampo10.jpg 292w" sizes="(max-width: 207px) 100vw, 207px" /></a></strong></p>
<p style="text-align: center;"><strong><a href="http://www.die-kloetze.com/wp-content/uploads/2011/04/wampo111.jpg"><img loading="lazy" class="alignnone size-medium wp-image-98" title="wampo" src="http://www.die-kloetze.com/wp-content/uploads/2011/04/wampo111-210x300.jpg" alt="" width="210" height="300" srcset="http://www.die-kloetze.de/wp-content/uploads/2011/04/wampo111-210x300.jpg 210w, http://www.die-kloetze.de/wp-content/uploads/2011/04/wampo111.jpg 307w" sizes="(max-width: 210px) 100vw, 210px" /></a><a href="http://www.die-kloetze.com/wp-content/uploads/2011/04/wampo12.jpg"><img loading="lazy" class="alignnone size-full wp-image-99" title="wampo" src="http://www.die-kloetze.com/wp-content/uploads/2011/04/wampo12.jpg" alt="" width="280" height="210" /></a></strong></p>
<p style="text-align: center;"><strong><br />
</strong></p>
<p style="text-align: center;"><strong>Die Erinnerung an dich, wird in uns weiter Leben.</strong><br />
<strong> Alles Gute auf deiner Reise, getreu deinem Motto “Scheiß egal” !</strong></p>

<p>10.07.1961 &#8211; 17.08.2006 &nbsp; Nur die Besten sterben jung! Am Donnerstag den 17.08.2006 verstarb für uns völlig unfassbar unser Freund Wolfgang Buschkamp Wampo!!! Unter diesen Spitznamen kannten ihn alle. Ein Mensch, der lebenslustig und offen durch das Leben schritt. Leider wurde er viel zu früh aus dem Leben gerissen und hinterlässt tiefe Wunden bei denen, [&hellip;]</p>
