{"id":150,"date":"2017-11-17T18:34:09","date_gmt":"2017-11-17T16:34:09","guid":{"rendered":"http:\/\/www.die-kloetze.de\/?page_id=150"},"modified":"2021-02-19T23:00:06","modified_gmt":"2021-02-19T21:00:06","slug":"history","status":"publish","type":"page","link":"http:\/\/www.die-kloetze.de\/?page_id=150","title":{"rendered":"History"},"content":{"rendered":"<p style=\"text-align: center;\"><strong><span style=\"text-decoration: underline;\"> Die Kl\u00f6tze, 35 Jahre und kein Ende in Sicht???<\/span><\/strong><\/p>\n<p style=\"text-align: left;\">Es ist wirklich unbegreiflich, da setzt man sich Mitte der Achtziger in einer Bierlaune zusammen und macht sich Gedanken, wie man sich noch die Langeweile vertreiben kann und kommt dann auf die Idee, lass doch mal Kegeln gehen.<\/p>\n<p style=\"text-align: left;\">Gesagt getan!!! Am 04.10.1985, Freitags 15 Uhr&nbsp; war es dann soweit, aber wer konnte ahnen, was sich daraus entwickelt hat, der sagenumwobene Kegelclub \u201e<strong>Die Kl\u00f6tze<\/strong>\u201c.<\/p>\n<p style=\"text-align: left;\">Ein Namen war schnell gefunden, nur den urspr\u00fcnglich angedachten Namen<strong> &#8218;Die Kl\u00f6ten&#8216; <\/strong>w\u00e4re f\u00fcr damalige Verh\u00e4ltnisse zu direkt gewesen (evtl. spielte auch ein wenig Feigheit eine Rolle *<strong>lach*<\/strong>). Aus diesem Grund &nbsp;haben wir uns dann f\u00fcr den Namen&nbsp; <strong>&#8218;DIE&nbsp; KL\u00d6TZE&#8216;<\/strong> entschieden. Heute w\u00fcrden wir uns vermutlich den erstgenannten Namen geben.<\/p>\n<p style=\"text-align: left;\">In diesen mittlerweile 35 Jahren sind wir bis heute in 7 verschiedenen Lokalit\u00e4ten gestrandet.<\/p>\n<p style=\"text-align: left;\">Im einzelnen waren das die folgenden Stationen (Ich fass es mal in Stichpunkten zusammen)<\/p>\n<p style=\"text-align: left;\">&nbsp;<\/p>\n<p style=\"text-align: left;\"><strong>BULLENKLOSTER (ich wei\u00df gar nicht warum)<\/strong> \u00dcbernachtung&nbsp;&nbsp;&nbsp;&nbsp;&nbsp;&nbsp;&nbsp;&nbsp; Ort: Eisenbansiedlung&nbsp;&nbsp;&nbsp;&nbsp;&nbsp;&nbsp;&nbsp; (gibt es nicht mehr)<\/p>\n<p style=\"text-align: left;\"><strong><span style=\"text-decoration: underline;\">HIGHLIGHTS:<\/span><\/strong><\/p>\n<p style=\"text-align: left;\">-G\u00fcnstig (bei Bier und Softdrinks)<\/p>\n<p style=\"text-align: left;\">-Rest Selbstversorgung<\/p>\n<p style=\"text-align: left;\">-anfangs h\u00e4ufig \u00c4rger mit dem Nachfolgeclub<\/p>\n<p style=\"text-align: left;\">-das allerletzte Kegeln auf der Bahn, mehr m\u00f6chte ich nicht erw\u00e4hnen<\/p>\n<p style=\"text-align: left;\">-seit Anfangstagen mit Musikuntermalung (Audiocasetten; kennt die noch jemand)<\/p>\n<p style=\"text-align: left;\">Nachdem diese Station geschafft war und wir eine neue Lokalit\u00e4t ben\u00f6tigten sind wir zun\u00e4chst in Rheinhausen f\u00fcndig geworden.<\/p>\n<p style=\"text-align: left;\">&nbsp;<\/p>\n<p style=\"text-align: left;\"><strong>GEORG &#8211; STUBEN<\/strong> (gibt es auch nicht mehr)<\/p>\n<p style=\"text-align: left;\"><strong><span style=\"text-decoration: underline;\">HIGHLIGHTS:<\/span><\/strong><\/p>\n<p style=\"text-align: left;\">-man musste an einigen Jahren Knast vorbei, eh man die Kegelbahn betreten konnten<\/p>\n<p style=\"text-align: left;\">-Wir mussten schnell eine Alternative finden<\/p>\n<p style=\"text-align: center;\">Von diesem relativ kurzen Intermezzo sind wir dann in das<\/p>\n<p style=\"text-align: center;\">&nbsp;<\/p>\n<p style=\"text-align: left;\"><strong>HAUS RHEINDAMM<\/strong> umgezogen (Eisenbahnsiedlung)&nbsp; &#8211;&nbsp;&nbsp; mittlerweile auch zu<\/p>\n<p><strong>HIGHLIGHTS:<\/strong><\/p>\n<p style=\"text-align: left;\">-Cola, Bier, einige Kurze wurden bestellt, Rest Eigenversorgung (nat\u00fcrlich unerw\u00fcnscht)<\/p>\n<p style=\"text-align: left;\">-Nebelbildung durch R\u00e4ucherh\u00fctchen bzw. Zigarren<\/p>\n<p style=\"text-align: left;\">&#8211; &#8222;Schnellste&#8220; Kellnerin der Welt R.i.P.<\/p>\n<p style=\"text-align: left;\">&#8211; &#8222;Wir sind gegangen worden&#8220; (Warum eigentlich????) und das ein Tag vor dem Kegeln. Der Wirt hat die Mutter eines Mitgliedes angerufen und Ihr ausgerichtet, dass wir nicht mehr kommen sollen!<\/p>\n<p>&nbsp;<\/p>\n<p style=\"text-align: center;\">Durch den tatkr\u00e4ftigen Einsatz zweier Mitglieder konnten wir aber doch den Nachfolgetermin wahrnehmen und zwar&nbsp; auf der Kaiserstra\u00dfe in Friemersheim<\/p>\n<p style=\"text-align: left;\"><strong>KAISER-HOF<\/strong> (Paulus)&nbsp;&nbsp;&nbsp;&nbsp;&nbsp;&nbsp;&nbsp;&nbsp;&nbsp;&nbsp;&nbsp;&nbsp;&nbsp; Ort: Friemersheim<\/p>\n<p><strong>HIGHLIGHTS:<\/strong><\/p>\n<p style=\"text-align: left;\">&#8211; wieder aufgef\u00fcllte K\u00fcmmerlinge<\/p>\n<p style=\"text-align: left;\">&#8211; Hat jemand Hunger? Ja Ich!!! F\u00fcr ein Schnitzel, mach&#8216; ich die Friteuse nicht an<\/p>\n<p style=\"text-align: left;\">&#8211; k\u00fcnstliche Blumen in richtiger Erde als Randbepflanzung der Bahn<\/p>\n<p style=\"text-align: left;\">&#8211; die ersten Klagen wegen Ruhest\u00f6rung (Musik)<\/p>\n<p style=\"text-align: center;\">Nachdem ein Freund unserer Truppe eine eigene Kneipe aufgemacht hat und uns mit diversen Angeboten zu sich gelockt hat, haben wir den Wechsel vorgenommen und zwar in die<\/p>\n<p style=\"text-align: center;\">&nbsp;<\/p>\n<p style=\"text-align: left;\"><strong>K\u00d6NIGS-QUELLE<\/strong> DU-Homberg (warum nur so weit weg)<\/p>\n<p style=\"text-align: left;\"><strong><span style=\"text-decoration: underline;\">HIGHLIGHTS:<\/span><\/strong><\/p>\n<p style=\"text-align: left;\">&#8211; der Treppensturz<\/p>\n<p style=\"text-align: left;\">-die optimale R\u00e4umlichkeit, um niemanden mit unserer Musik zu nerven<\/p>\n<p style=\"text-align: left;\">-Der Verbrauch an Hocht\u00f6nern<\/p>\n<p style=\"text-align: left;\">&#8211;&nbsp;das k\u00fcrzeste Kegeln 1 \u00bd Stunden, sofern wir uns erinnern k\u00f6nnen (Carlos, hast Du mal einen Stielkamm?)<\/p>\n<p style=\"text-align: center;\">Nachdem es anfangs noch ganz gut lief, stellte man nachher zu gro\u00dfe Forderungen, so dass wir uns erneut eine Alternative suchen mussten. Also sind wir anschlie\u00dfend beim<\/p>\n<p style=\"text-align: center;\">&nbsp;<\/p>\n<p style=\"text-align: left;\"><strong>ALTEN FRITZ <\/strong>in Friemersheim aufgeschlagen!<\/p>\n<p><strong>HIGHLIGHTS:<\/strong><\/p>\n<p style=\"text-align: left;\">&#8211;&nbsp;keine optimale R\u00e4umlichkeit (ebenerdig), daduch h\u00e4ufiger Besuch unserer Staatsdiener<\/p>\n<p style=\"text-align: left;\">(damals noch in gr\u00fcn)<\/p>\n<p style=\"text-align: left;\">&#8211;&nbsp;nach 1-2 Ermahnungen durch den Wirt, Kappung der Stromversorgung durch den Wirt<\/p>\n<p style=\"text-align: left;\">&#8211;&nbsp;das Bingospiel in Verbindung mit der Getr\u00e4nkekarte<\/p>\n<p style=\"text-align: left;\">&nbsp;<\/p>\n<p style=\"text-align: left;\">Nachdem der <strong>Peter <\/strong>(R.i.P.) die Kneipe aufgeben musste, waren wir schon wieder auf der Suche nach einem Ort der zu uns passt und den haben wir dann im <strong>Kuckeshof<\/strong> in Rumeln gefunden. Dort sind wir seit Dezember 2005 \/ Januar 2006 anzutreffen (Wahnsinn, auch schon gute 12 Jahre). Und wir hoffen, dass das noch lange so weiter geht! Wir sind wieder im Keller und k\u00f6nnen richtig Gas geben.Hier hatten wir u.a. mal ein Marathonkegeln von 16 Uhr bis 0 Uhr (wie bekloppt muss man eigentlich sein)!<\/p>\n<h2 style=\"text-align: center;\">&nbsp;<\/h2>\n<h2 style=\"text-align: center;\">HIGHLIGHTS =&gt; jedes Kegeln hier ist irgendwie ein Highlight<\/h2>\n<p>&nbsp;<\/p>\n<p>Nach dem unsere SIGGI in Ihren wohlverdienten Ruhestand gegangen ist, gab es vor Ort einen neuen Inhaber. Nach einer Gew\u00f6hnungsphase l\u00e4uft es ziemlich rund. Daher gilt unser besonderer Dank nat\u00fcrlich dem <strong>KOSTA<\/strong> , der nochmal ein T\u00fcpfelchen drauf gesetzt hat<strong>.<\/strong><\/p>\n<p>Na ja der Kosta hat dann auch irgendwann aufgegegben und wieder auf der Suche gewesen und dann im Waldborn gelandet. Die Besitzerin hat dann mehr oder weniger in einer Nacht- und Nebelaktion den Laden aufgegeben und zur Kr\u00f6nung kam dann noch Corona ins Spiel, was uns zumindest beim Kegeln ausgebremst hat. Am 28.02. j\u00e4hrt sich dann unser &#8222;Nichkegelpakt&#8220;!<\/p>\n<p>Wann kommt wieder Normalit\u00e4t ins Leben, wir wissen es nicht!<\/p>\n<p>Falls sich noch mal jemand auf diese Seite verirren sollte, wir hoffen, dass irgendwann wieder &#8222;Normalit\u00e4t&#8220; in unser aller Leben kommt. Bis bald;-)<\/p>\n<p style=\"text-align: left;\">&nbsp;<\/p>\n<p style=\"text-align: left;\">Da wir nicht nur Kegeln gehen, sondern unsere Geselligkeit auch mal in anderen L\u00e4ndern<\/p>\n<p style=\"text-align: left;\">ausleben m\u00f6chten, haben wir dieses nat\u00fcrlich auch getan und zwar wie folgt:<\/p>\n<p style=\"text-align: left;\">Mallorca (Arenal)&nbsp;&nbsp;&nbsp;&nbsp;&nbsp;&nbsp;&nbsp;&nbsp;&nbsp;&nbsp;&nbsp;&nbsp;&nbsp;&nbsp;&nbsp;&nbsp;&nbsp;&nbsp;&nbsp;&nbsp;&nbsp;&nbsp;&nbsp;&nbsp;&nbsp;&nbsp;&nbsp;&nbsp;&nbsp;&nbsp;&nbsp;&nbsp;&nbsp;&nbsp;&nbsp;&nbsp;&nbsp;&nbsp;&nbsp;&nbsp;&nbsp;&nbsp;&nbsp;&nbsp; &nbsp;&nbsp;&nbsp; &nbsp; &nbsp;&nbsp; Oktober 1988<\/p>\n<p style=\"text-align: left;\">Mallorca (Arenal)&nbsp;&nbsp;&nbsp;&nbsp;&nbsp;&nbsp;&nbsp;&nbsp;&nbsp;&nbsp;&nbsp;&nbsp;&nbsp;&nbsp;&nbsp;&nbsp;&nbsp;&nbsp;&nbsp;&nbsp;&nbsp;&nbsp;&nbsp;&nbsp;&nbsp;&nbsp;&nbsp;&nbsp;&nbsp;&nbsp;&nbsp;&nbsp; &nbsp;&nbsp;&nbsp;&nbsp;&nbsp; &nbsp;&nbsp;&nbsp;&nbsp;&nbsp;&nbsp;&nbsp;&nbsp;&nbsp; &nbsp; &nbsp;&nbsp; August 1990 (2 Wochen)<\/p>\n<p style=\"text-align: left;\">Mykonos (nein wir sind nicht schwul!!!)&nbsp;&nbsp;&nbsp;&nbsp;&nbsp;&nbsp;&nbsp; &nbsp; &nbsp;&nbsp; September\/Oktober 1992<\/p>\n<p style=\"text-align: left;\">Gran Canaria&nbsp;&nbsp;&nbsp;&nbsp;&nbsp;&nbsp;&nbsp;&nbsp;&nbsp;&nbsp;&nbsp;&nbsp;&nbsp;&nbsp;&nbsp;&nbsp;&nbsp;&nbsp;&nbsp;&nbsp;&nbsp;&nbsp;&nbsp;&nbsp;&nbsp;&nbsp;&nbsp;&nbsp;&nbsp;&nbsp;&nbsp;&nbsp;&nbsp;&nbsp;&nbsp;&nbsp;&nbsp;&nbsp;&nbsp;&nbsp;&nbsp;&nbsp;&nbsp;&nbsp;&nbsp;&nbsp;&nbsp;&nbsp;&nbsp;&nbsp;&nbsp;&nbsp; &nbsp;&nbsp;&nbsp; &nbsp;&nbsp;&nbsp; Oktober 1994<\/p>\n<p style=\"text-align: left;\">Gran Canaria&nbsp;&nbsp;&nbsp;&nbsp;&nbsp;&nbsp;&nbsp;&nbsp;&nbsp;&nbsp;&nbsp;&nbsp;&nbsp;&nbsp;&nbsp;&nbsp;&nbsp;&nbsp;&nbsp;&nbsp;&nbsp;&nbsp;&nbsp;&nbsp;&nbsp;&nbsp;&nbsp;&nbsp;&nbsp;&nbsp;&nbsp;&nbsp;&nbsp;&nbsp;&nbsp;&nbsp;&nbsp;&nbsp;&nbsp;&nbsp;&nbsp;&nbsp;&nbsp;&nbsp;&nbsp;&nbsp;&nbsp;&nbsp;&nbsp;&nbsp;&nbsp; &nbsp;&nbsp; &nbsp;&nbsp;&nbsp;&nbsp;&nbsp; November 1996<\/p>\n<p style=\"text-align: left;\">Alcudia&nbsp;&nbsp;&nbsp;&nbsp;&nbsp;&nbsp;&nbsp;&nbsp;&nbsp;&nbsp;&nbsp;&nbsp;&nbsp;&nbsp;&nbsp;&nbsp;&nbsp;&nbsp;&nbsp;&nbsp;&nbsp;&nbsp;&nbsp;&nbsp;&nbsp;&nbsp;&nbsp;&nbsp;&nbsp;&nbsp;&nbsp;&nbsp;&nbsp;&nbsp;&nbsp;&nbsp;&nbsp;&nbsp;&nbsp;&nbsp;&nbsp;&nbsp;&nbsp;&nbsp;&nbsp;&nbsp;&nbsp;&nbsp;&nbsp;&nbsp;&nbsp;&nbsp;&nbsp;&nbsp;&nbsp;&nbsp;&nbsp;&nbsp;&nbsp;&nbsp;&nbsp;&nbsp; &nbsp; &nbsp;&nbsp;&nbsp;&nbsp;&nbsp;&nbsp; September 1998<\/p>\n<p style=\"text-align: left;\">(In Alcudia wohnten wir&nbsp;in einem Chalet, und der K\u00fchlschrank&nbsp; wurde immer wieder gef\u00fcllt, nach dem ersten Tag an der Hotelrezeption: <strong>Wir brauchen neue Getr\u00e4nke!<\/strong> Was ben\u00f6tigen Sie? <strong>Alles!!! <\/strong>Danach herrschte nur Sprachlosigkeit))<\/p>\n<p style=\"text-align: left;\">Seit September 2000&nbsp; haben wir unseren \u201cRuhesitz\u201d auf Mallorca (Cala Ratjada) gefunden, n\u00e4mlich das <strong>TRITON<\/strong> mit den weltbesten Gastgebern <strong>Toni <\/strong>und <strong>Anita<\/strong>, und dort sind wir alle zwei Jahre anzutreffen.&nbsp; Frei nach dem Motto \u201eWer sich bewegt, verliert!!!\u201c<\/p>\n<p style=\"text-align: left;\">Wir dachten es w\u00e4re unser Ruhesitz! Aber wegen drastischer Ver\u00e4nderungen im Triton mussten wir f\u00fcr 2014 ein anderes Domizil finden.<\/p>\n<p style=\"text-align: left;\">Nach einigem Suchen hatten wir dann ein Haus an der Playa de Palma gefunden! Aber das was wir dort erlebt haben, ist gar nicht in Worte zu fassen und ist uns bisher noch nie passiert. Um es kurz zu machen, wir wurden nach Strich und Faden beschissen. Ich kann nur sagen Finger Weg!<\/p>\n<p style=\"text-align: left;\">Nach ein wenig Suchen haben wir dann eine neue Unterkunft gefunden! 2016 haben wir den historischen Turm in Capdepera aufsuchen. Ja die Lage um Gas zu geben war schon recht gut, aber der Weg nachts nach Hause war doch beschwerlich! Und die Pflege des Erdgeschosses lie\u00df auch zu w\u00fcnschen \u00fcbrig.<\/p>\n<p style=\"text-align: left;\">Also was Neues gesucht und gebucht. Wir freuen uns schon!<\/p>\n<p style=\"text-align: left;\">Desweiteren waren wir hin und wieder auch mal als Gastgeber von diversen Feierlichkeiten anzutreffen (unsere eigenen Jubil\u00e4en, Tanz in den Mai, Halloween, Sylvester, Fu\u00dfballturnier, Oktoberfest usw.) und werden es in Zukunft auch weiterhin sein.<\/p>\n<p style=\"text-align: left;\">Es versteht sich wohl von selbst, dass \u00fcber so eine lange Zeit (immerhin schon 35 Jahre) einige Besetzungswechsel stattgefunden haben, aber seit gef\u00fchlten 100&nbsp; Jahren sind wir zu einer ziemlich festen Einheit geworden, in denen zwar ab und an Meinungsverschiedenheiten gibt, aber die sind im Gro\u00dfen und Ganzen immer relativ schnell aus der Welt ger\u00e4umt! Es ist halt wie in einer normalen EHE!<\/p>\n<p style=\"text-align: left;\">&nbsp;<\/p>\n<p style=\"text-align: center;\"><strong>THE SHOW MUST GO ON!!!<\/strong><\/p>\n<p style=\"text-align: center;\">&nbsp;<\/p>\n<p style=\"text-align: left;\">&nbsp;<\/p>\n<p style=\"text-align: left;\">&nbsp;<\/p>\n<p style=\"text-align: left;\">&nbsp;<\/p>\n","protected":false},"excerpt":{"rendered":"<p>Die Kl\u00f6tze, 35 Jahre und kein Ende in Sicht??? Es ist wirklich unbegreiflich, da setzt man sich Mitte der Achtziger in einer Bierlaune zusammen und macht sich Gedanken, wie man sich noch die Langeweile vertreiben kann und kommt dann auf die Idee, lass doch mal Kegeln gehen. Gesagt getan!!! Am 04.10.1985, Freitags 15 Uhr&nbsp; war [&hellip;]<\/p>\n","protected":false},"author":1,"featured_media":0,"parent":0,"menu_order":2,"comment_status":"closed","ping_status":"closed","template":"","meta":{"ngg_post_thumbnail":0},"_links":{"self":[{"href":"http:\/\/www.die-kloetze.de\/index.php?rest_route=\/wp\/v2\/pages\/150"}],"collection":[{"href":"http:\/\/www.die-kloetze.de\/index.php?rest_route=\/wp\/v2\/pages"}],"about":[{"href":"http:\/\/www.die-kloetze.de\/index.php?rest_route=\/wp\/v2\/types\/page"}],"author":[{"embeddable":true,"href":"http:\/\/www.die-kloetze.de\/index.php?rest_route=\/wp\/v2\/users\/1"}],"replies":[{"embeddable":true,"href":"http:\/\/www.die-kloetze.de\/index.php?rest_route=%2Fwp%2Fv2%2Fcomments&post=150"}],"version-history":[{"count":22,"href":"http:\/\/www.die-kloetze.de\/index.php?rest_route=\/wp\/v2\/pages\/150\/revisions"}],"predecessor-version":[{"id":892,"href":"http:\/\/www.die-kloetze.de\/index.php?rest_route=\/wp\/v2\/pages\/150\/revisions\/892"}],"wp:attachment":[{"href":"http:\/\/www.die-kloetze.de\/index.php?rest_route=%2Fwp%2Fv2%2Fmedia&parent=150"}],"curies":[{"name":"wp","href":"https:\/\/api.w.org\/{rel}","templated":true}]}}